w = 77 + -27. Suppose 0 = -4*j + p - w, -3*p - 13 = j + 6. Let l = j - -3. Determine r(l).
-1
Let z(s) = -16*s**3 + s**2 + 13*s - 10. Let o be z(-6). Let l(f) = 0 + o*f - 3406*f - 4. What is l(-6)?
8
Let a(p) = 96*p - 40*p - 25*p - 63*p + 11. Give a(-3).
107
Suppose -28*r = -26*r - 8. Let x(b) = r*b + 2 - 10*b**2 + 0 - 15*b**2 + 30*b**2. Give x(-2).
14
Suppose 4*n - 22 = -7*n. Let g(u) = u - n*u - 83 + 84. Let s(b) = -b**2 + 7*b - 2. Let w be s(6). Give g(w).
-3
Suppose -4*s + 50 = -11*c + 16*c, -s + 20 = 2*c. Let o(m) = -21 + 13 + c + 4*m. Give o(2).
10
Let z(c) = -11*c + 0*c + 50*c**2 - 37*c**2 - 19*c**2. Give z(3).
-87
Let v = 282 - 279. Let h(i) = -13*i + 2*i**3 - 4 - v*i**3 + 10*i + 6*i**2. What is h(5)?
6
Let i(f) = -1429913*f**2 + 1429918*f**2 - f + f + 1. Let s be 276/72 - 2/(-12). Let n be 8/s*3/6. What is i(n)?
6
Let h(v) = v**2 + v - 4. Let n = -39 + 37. Let j = 3 - n. Let x be -4*2/(-40) + (-1)/j. Calculate h(x).
-4
Suppose 3*v + 2 = 5*u - 6, 2*v - 5*u = -7. Let r be (v*1)/1*(-11 - -4). Suppose 6 = p - c, r*p + 5*c + 14 = 4*p. Let b(s) = 4*s**2 + 1. Calculate b(p).
17
Let s = -12 - 13. Let t = s + 22. Let c(o) = o**2 + 5*o - 1. What is c(t)?
-7
Let g(w) = -w**3 + 7*w**2 + 4*w - 6. Suppose 70*a - 939 = 9*a - 512. What is g(a)?
22
Let g(v) = -6*v**3 - 79*v**2 - 12*v + 26. Let l be g(-13). Let q(o) = 5*o - 71. What is q(l)?
-6
Let t be (-5)/(15/(-2))*9. Let i(v) = -t*v - 2 + 69*v**2 + 0 - 70*v**2 - 1. Let p be 2 + -2 - 5 - 0. Determine i(p).
2
Let n(f) = -15*f**3 - 6*f**2 + 18*f + 47. Let w(l) = 26*l**3 + 13*l**2 - 35*l - 85. Let v(g) = 7*n(g) + 4*w(g). What is v(8)?
5
Suppose -4*d = 20, -2*b + 41 = -4*d - d. Suppose -4*t - 210 = 3*v - 1345, -2*v - 2*t = -758. Let j(u) = -776 + 389 + u + v. Give j(b).
2
Let q(i) = i**3 - 6*i**2 + 6*i - 7. Let f(p) = -6*p - 10*p + 9 + 15*p. Let d be f(4). Suppose j + d = 2*j. Calculate q(j).
-2
Suppose 0 = 19*s - 30*s - 67 - 384. Let i(b) = -b**3 - 42*b**2 - 43*b - 71. Give i(s).
11
Let u(j) be the first derivative of 4 + 0*j - 1/3*j**3 + 2*j**2. Let k = -268 + 272. Give u(k).
0
Let u(w) be the first derivative of 0*w + 0*w**4 + 1/15*w**5 + 0*w**2 - 1/360*w**6 + 17/3*w**3 + 9. Let p(t) be the third derivative of u(t). What is p(9)?
-9
Suppose 2*c - 2*a = -3*c + 336, -342 = -5*c + 4*a. Let b(j) = -70 + 136 + 6*j - c. Give b(1).
6
Let s(x) = 4*x + 1. Let z(p) = 4*p + 1. Let r(i) = 7*s(i) - 6*z(i). Let d be ((-30)/25)/((21/(-5))/7). Calculate r(d).
9
Let b = 320 - 320. Suppose -30*x + 23*x - 28 = b. Let f(i) = i - 3. What is f(x)?
-7
Let h(v) = v**2 + 13*v + 9. Let d(k) = k**2 + 12*k + 8. Let b(m) = -6*d(m) + 5*h(m). Suppose 96 = -16*x - 0*x. Let a be ((-14 - 0)/2)/((-6)/x). Determine b(a).
-3
Suppose -9 = -4*f - 1. Let q be 39/(-26) - (-11)/f. Let x(u) = 0*u**3 + q*u**3 + 7*u**3 - 3*u**3. Calculate x(1).
8
Let p(d) = d**3 - 8*d**2 - 3*d - 10. Suppose -74*w = -67*w - 21. Suppose -w*x = -19*x + 128. Give p(x).
-34
Let j = -17399 + 17396. Let z(c) = c - 3. Let k(y) = -3*y + 9. Let o(w) = 6*k(w) + 17*z(w). What is o(j)?
6
Let m(n) = -11 + 20 + n**2 - 12 - 10 - 5*n + n. What is m(10)?
47
Let r(a) be the first derivative of -a**3/3 - 5*a**2/2 + a + 88. What is r(-5)?
1
Let i(y) = -y**3 + y**2 - 4. Let j = 2324 - 2324. Give i(j).
-4
Let q = -57 - -61. Let v(h) = h**2 - 6*h + 13. Let m be v(q). Let d(r) = 18 + m*r - 35 - r**2 + 13. Determine d(4).
0
Let q = -4 + 3. Let j(p) be the third derivative of -7*p**6/120 + p**5/60 - 68915*p**2. Calculate j(q).
8
Let q(j) be the second derivative of j**5/20 - j**4/3 - j**3/2 + 5*j**2/2 + 33*j. Let r = 94 - 89. Determine q(r).
15
Suppose 17 = 3*h + k + 12, k = 5*h + 5. Let a(z) = 63*z - 30*z + h - 34*z + 7. What is a(9)?
-2
Let m(q) = q**2 - 11*q + 18. Let z(o) = o + 80. Let t be z(-76). Calculate m(t).
-10
Let f(o) = -o. Let h(v) = -10*v + 12. Let i(l) = 8*f(l) - h(l). Let m be ((-3)/6)/(1/(-10)). Give i(m).
-2
Let d be (2 - 6) + -20*(-15)/72. Let w(g) be the second derivative of 3*g**2 - d*g**3 - 8*g + 0. Give w(8).
-2
Let y be (1/3)/((-1)/3). Suppose -24*v - 1141 = -6349. Let j(g) = v*g**2 - 427*g**2 + 225*g**2. What is j(y)?
15
Suppose -7*k = l - 11*k - 16, -4*l + k + 94 = 0. Let n = l + -20. Let a(v) = v + 2. Give a(n).
6
Let z(q) = 2*q**2 - 45*q + 24. Let o = 11596 - 11574. Calculate z(o).
2
Let o(i) be the second derivative of 187*i - 1/6*i**3 + 0 - 7/2*i**2. Calculate o(-14).
7
Let a(g) = 3*g - 3. Suppose -44 = 4*z + 3*o, 2*z + 1 = -3*o - 15. Let j be (8 - 198/42) + 4/z. Calculate a(j).
6
Let d(z) be the third derivative of -2/15*z**5 - 36*z + 2*z**2 + 11/24*z**4 - 1/120*z**6 - 7/6*z**3 + 0. Calculate d(-9).
-25
Let z(u) = 434*u - 5 - 868*u + 438*u + u**2. Suppose 19 = -h + 3*t, 3*h + 4*t - 9 = 2*h. What is z(h)?
16
Let o(h) = -2*h + 24. Suppose 0*b + b + 4*y = 28, -4*b = 2*y - 56. Let m be o(b). Let r(f) = -1 + 42*f**2 - 42*f**2 + 12*f**3 + f + m*f. Determine r(1).
12
Suppose 48*l - 71 = -23. Let b(u) = -5 - 1 + 3*u + 5 + 6*u. Determine b(l).
8
Let m(k) be the second derivative of k**5/20 + 17*k**4/12 + 5*k**3/2 - 3*k**2/2 - 2049*k. What is m(-16)?
13
Let b(k) = -912 + 1810 - 14*k - 14*k - 919. Calculate b(-1).
7
Let k = -11 + 8. Let m(b) = -2*b**3 + 3*b**2 - 3*b - 13. Let z(p) = -3*p**3 + 7*p**2 - 5*p - 24. Let f(s) = k*z(s) + 5*m(s). Give f(-6).
7
Let w be (-40)/((-12)/3)*12/15. Let f(x) = x**3 - 5*x**2 - 25*x - 6. Calculate f(w).
-14
Suppose -65*a + 64*a = 5*z - 6, 0 = 4*a - 24. Let x(u) be the second derivative of 0 + 27*u + 1/12*u**4 + 1/6*u**3 + z*u**2. Calculate x(1).
2
Let t(k) = -5*k**2 - 4*k + 6. Let c = -31824 + 31818. Calculate t(c).
-150
Let p = -645 - -644. Let y(v) = -72*v + 3. Calculate y(p).
75
Let x = -1 - 0. Let s be 2 + -1 + x*5. Let g(t) = -48 - 48 + 94 + 206*t - 2*t**2 - 211*t. Determine g(s).
-14
Let q = -29 - -34. Suppose 4*m - 5 - 5 = -2*r, q*r = 5*m - 20. Suppose -2*i = 4*w - 3*i - 8, 15 = w + m*i. Let l(v) = -v + 2. Give l(w).
-1
Let f(t) = 5*t + 13. Let v(a) = 10*a - 14. Let z(g) = 5*g - 1. Let p(k) = v(k) - 3*z(k). Let m(u) = -5*f(u) - 6*p(u). Give m(2).
11
Let l(d) = -5*d + 73. Suppose 73*w + 541 - 798 = 911. Give l(w).
-7
Suppose -3*h + 51 = 3*m + h, 4*m - 68 = -5*h. Let c = m - 15. Let o(z) = 5*z + 1 - 13*z - 4*z + 2*z**2 + 4*z + 5*z. Determine o(c).
3
Let n be (245 - 264)/(19/(-4)). Let c(o) = 2 + o**3 - 3 - 5*o**2 - o + 6. Calculate c(n).
-15
Let i(s) = 5*s + 4. Let p(w) = -w. Let n(u) = -i(u) - 4*p(u). Suppose 211*x - 563 = 70. Calculate n(x).
-7
Let s = -83 + 90. Let u(c) = 4*c + s*c - 2 - 1 - 7*c. Determine u(-3).
-15
Suppose 4*n = -n + 20. Let k(u) = 2*u**2 + u + 2. Let p(c) = -c**3 + 11*c**2 - 4*c + 12. Let i(t) = 3*k(t) - p(t). Calculate i(n).
6
Let g(w) = 2*w - 187*w**2 - 5*w - 38*w**3 + 28*w**3 + 3 + 186*w**2. Calculate g(1).
-11
Let b(h) = 6*h**3 + h**2 - 1. Let q(r) = 25*r**3 + 9*r**2 - 12*r - 1. Let l(z) = 4*b(z) - q(z). Calculate l(-7).
11
Let g(u) = -u**2 + 5*u + 0*u**2 + u + 2*u**2 + 4. Suppose 32*z + s - 15 = 36*z, 4*s = 4*z. Give g(z).
-1
Let c(r) be the third derivative of -r**4/12 - 11*r**3/3 + 24*r**2. Let z be c(-12). Let o(f) = -6 + z*f - 4 + 4 + 4. What is o(2)?
2
Let n(g) be the second derivative of g**3/6 - g**2 - 3*g + 1. Let o = 52 + -48. Suppose 35 = -2*m - 5*d, -3*m - o*d = -m + 30. Calculate n(m).
-7
Let v(s) = -9*s**2 - 23*s - 1. Let b be v(-1). Let z(d) = d**3 - 12*d**2 - 10*d - 9. Determine z(b).
30
Let t(f) = 8*f**3 - 2*f**2 - f. Suppose -2*k = 2*n + 6, -4*n = 5*k - 9*k + 4. Let i be (-9 + (-4 - -7))*n/4. Let w be (i + 16/(-6))*-3. Determine t(w).
-9
Let w(p) = 0*p - p**3 - 4 + 1 - 3*p. Suppose -4*u + 21 = -q - 0*q, q - 3*u + 17 = 0. Let n be (5 + 2)*((-148)/28 - q). Calculate w(n).
11
Let r = 7409 + -7416. Let q(i) = -i**3 - 10*i**2 - 16*i + 6. Calculate q(r).
-29
Let c(j) = -3*j**2 - 9*j - 3. Let t(l) = 12*l + 14*l**2 + 7*l - 13*l**2 + 6*l**2 + 6. Let a(y) = -5*c(y) - 2*t(y). Calculate a(-6).
-3
Let l(t) be the first derivative of -t**6/360 + t**5/20 + t**4/8 - 26*t**3/3 + t**2/2 + 126. Let a(f) be the third derivative of l(f). Determine a(4).
11
Let l = 580 + -586. Let x(i) = -5*i - 15. Let b be x(-8). Let c(g) = 7*g**2 + b*g**3 + 6*g - 14*g**3 - 10*g**3 - 3. Determine c(l).
-3
Let a(l) be the second derivative of -l**6/120 - 7*l**5/60 + 7*l**3/6 + l**2 - 2*l. Let s(c) be the first derivati